7625763?
False
Is 18084100 a multiple of 352?
False
Is 228 a factor of 1161822?
False
Is 816319 a multiple of 222?
False
Does 167 divide 425690?
False
Is 290 a factor of 367560?
False
Is 264618 a multiple of 9?
True
Does 90 divide 13130460?
True
Is 1161027 a multiple of 27?
True
Is 83 a factor of 1826?
True
Does 87 divide 9048?
True
Does 250 divide 572655?
False
Does 601 divide 202537?
True
Is 524 a factor of 9282347?
False
Does 7 divide 25342?
False
Is 82 a factor of 38842?
False
Is 1084 a factor of 8722948?
True
Is 1482731 a multiple of 56?
False
Is 33570 a multiple of 19?
False
Is 397800 a multiple of 360?
True
Does 16 divide 4529011?
False
Is 184356 a multiple of 9?
True
Does 174 divide 368262?
False
Is 3 a factor of 369794?
False
Does 35 divide 88550?
True
Is 66 a factor of 349987?
False
Is 360337 even?
False
Is 38 a factor of 266?
True
Is 152589 a multiple of 12?
False
Is 51 a factor of 6478923?
False
Does 18 divide 28577?
False
Is 480 a factor of 539787?
False
Is 22 a factor of 307692?
True
Is 261214 a multiple of 136?
False
Is 18793343 a multiple of 20?
False
Is 174240 a multiple of 242?
True
Does 3 divide 1757840?
False
Is 116208 a multiple of 20?
False
Is 185956 a multiple of 538?
False
Is 66654 a multiple of 46?
True
Does 10 divide 114450?
True
Does 352 divide 5701696?
True
Is 19 a factor of 640443?
False
Is 3 a factor of 54753?
True
Is 9 a factor of 263529?
True
Is 307102 a multiple of 97?
True
Is 382 a factor of 5413704?
True
Is 12360145 a multiple of 2180?
False
Does 139 divide 138424?
False
Does 38 divide 19327?
False
Is 104462 a multiple of 19?
True
Does 314 divide 8859510?
True
Is 267111 a multiple of 39?
True
Does 89 divide 392530?
False
Does 9 divide 616291?
False
Is 11505 a multiple of 13?
True
Does 325 divide 67600?
True
Is 411034 a multiple of 14?
False
Is 1720386 a multiple of 14?
False
Is 3 a factor of 16061?
False
Is 9553402 a multiple of 27?
False
Is 28 a factor of 21906?
False
Is 10137800 a multiple of 96?
False
Does 170 divide 933110?
False
Does 14 divide 350413?
False
Is 3 a factor of 23440?
False
Does 70 divide 802130?
True
Does 393 divide 5039439?
True
Is 9677 a multiple of 3?
False
Is 48 a factor of 8374933?
False
Does 6 divide 452279?
False
Does 6 divide 1940305?
False
Is 4 a factor of 10920?
True
Is 1059746 a multiple of 16?
False
Does 186 divide 7743552?
True
Is 656 a factor of 735403?
False
Is 1066977 a multiple of 3?
True
Does 31 divide 63734?
False
Is 7 a factor of 59059?
True
Does 41 divide 1049571?
False
Is 8 a factor of 672405?
False
Does 7 divide 1957406?
False
Does 4 divide 80012?
True
Is 1818023 a multiple of 13?
False
Does 15 divide 353070?
True
Does 52 divide 2850098?
False
Does 13 divide 392259?
False
Is 11 a factor of 941160?
True
Does 25 divide 19365029?
False
Does 233 divide 3650828?
False
Does 36 divide 662472?
True
Is 28578 a multiple of 6?
True
Is 423109 a multiple of 86?
False
Is 92 a factor of 731584?
True
Is 2188670 a multiple of 202?
True
Is 380715 a multiple of 17?
True
Does 107 divide 216338?
False
Is 13799 a multiple of 163?
False
Does 397 divide 308932?
False
Is 32 a factor of 1246819?
False
Is 31 a factor of 17360155?
True
Does 165 divide 659340?
True
Is 236 a factor of 2656378?
False
Does 41 divide 91225?
True
Is 143 a factor of 3296667?
False
Is 488388 a multiple of 74?
False
Does 129 divide 70690?
False
Is 615 a factor of 938888?
False
Does 20 divide 453187?
False
Is 1933920 a multiple of 18?
True
Is 114 a factor of 13856?
False
Does 4 divide 686512?
True
Does 23 divide 3573809?
True
Does 253 divide 95278?
False
Is 1102638 a multiple of 16?
False
Does 22 divide 53724?
True
Is 95 a factor of 2291685?
True
Is 229119 a multiple of 131?
True
Does 141 divide 1832038?
False
Is 2 a factor of 132?
True
Does 45 divide 31905?
True
Does 25 divide 1139800?
True
Is 236 a factor of 1891304?
True
Is 65871 a multiple of 9?
True
Is 213941 a multiple of 13?
True
Does 54 divide 202816?
False
Does 15 divide 9916560?
True
Is 302343 a multiple of 20?
False
Does 25 divide 2404425?
True
Is 155027 a multiple of 262?
False
Is 5 a factor of 401629?
False
Does 42 divide 363508?
False
Is 2304432 a multiple of 6?
True
Does 6 divide 184537?
False
Is 574136 a multiple of 378?
False
Is 424561 a multiple of 4?
False
Does 3 divide 41232?
True
Is 30 a factor of 77280?
True
Is 410740 a multiple of 356?
False
Does 14 divide 43918?
True
Is 19 a factor of 56050?
True
Is 3 a factor of 1934055?
True
Does 376 divide 2632000?
True
Is 4 a factor of 40581?
False
Does 42 divide 165460?
False
Is 66577 a multiple of 37?
False
Does 29 divide 1639369?
False
Does 282 divide 1945791?
False
Does 19 divide 1041133?
False
Does 306 divide 12854108?
False
Is 312 a factor of 31512?
True
Is 6 a factor of 3122854?
False
Is 10 a factor of 373628?
False
Does 639 divide 92777?
False
Is 24884 a multiple of 4?
True
Is 58 a factor of 143492?
True
Is 282519 a multiple of 33?
False
Is 3307872 a multiple of 24?
True
Is 14 a factor of 108304?
True
Is 127 a factor of 78486?
True
Does 75 divide 1344450?
True
Is 212628 a multiple of 87?
True
Does 2 divide 187365?
False
Does 134 divide 59630?
True
Is 370969 a multiple of 262?
False
Is 858896 a multiple of 16?
True
Does 85 divide 139898?
False
Is 235800 a multiple of 131?
True
Is 10 a factor of 1495234?
False
Is 11746566 a multiple of 1731?
True
Is 182003 a multiple of 232?
False
Is 4871777 a multiple of 37?
False
Is 372636 a multiple of 113?
False
Is 35460 a multiple of 20?
True
Does 739 divide 200269?
True
Is 20 a factor of 7654780?
True
Is 4474308 a multiple of 169?
False
Is 752531 a multiple of 79?
False
Does 172 divide 359996?
True
Does 103 divide 195185?
True
Is 14 a factor of 49182?
True
Does 422 divide 135040?
True
Is 19 a factor of 235505?
True
Does 45 divide 31320?
True
Is 60 a factor of 1166763?
False
Is 80 a factor of 26560?
True
Is 129 a factor of 692430?
False
Is 1004006 a multiple of 29?
False
Is 96768 a multiple of 4?
True
Is 19712960 a multiple of 411?
False
Is 33966 a multiple of 37?
True
Is 110 a factor of 5854797?
False
Does 15 divide 397458?
False
Is 13 a factor of 8931?
True
Does 40 divide 1514320?
True
Is 22 a factor of 178276?
False
Does 276 divide 728640?
True
Is 132240 a multiple of 174?
True
Is 61041 a multiple of 43?
False
Is 11 a factor of 88264?
True
Is 349681 a multiple of 89?
True
Is 9 a factor of 73548?
True
Is 147393 a multiple of 173?
False
Is 19 a factor of 90504?
False
Is 30 a factor of 6425?
False
Is 280680 a multiple of 72?
False
Is 729 a factor of 16948860?
False
Is 4575949 a multiple of 1488?
False
Does 21 divide 814758?
True
Does 59 divide 1189219?
False
Is 3252686 a multiple of 58?
False
Is 885 a factor of 2817865?
False
Is 27480 a multiple of 30?
True
Is 54 a factor of 64825?
False
Is 285854 a multiple of 16?
False
Is 831936 a multiple of 32?
True
Is 10825276 a multiple of 196?
True
Does 20 divide 9759253?
False
Is 2488492 a multiple of 4?
True
Does 47 divide 22560?
True
Is 187 a factor of 11539022?
True
Does 14 divide 5296648?
True
Is 4956525 a multiple of 175?
True
Is 36809 a multiple of 211?
False
Is 147 a factor of 3164028?
True
Is 5 a factor of 72370?
True
Does 3 divide 7949?
False
Is 515242 a multiple of 38?
True
Is 529685 a multiple of 16?
False
Is 260 a factor of 98800?
True
Is 14 a factor of 61040?
True
Is 42739 a multiple of 9?
False
Does 18 divide 20018430?
True
Is 35529 a multiple of 4?
False
Is 322792 a multiple of 514?
True
Is 16415 a multiple of 7?
True
Does 356 divide 406817?
False
Is 3 a factor of 192022?
False
Is 23 a factor of 39537?
True
Is 73 a factor of 2371405?
True
Is 140 a factor of 106432?
False
Does 160 divide 167680?
True
Is 13 a factor of 7192253?
False
Does 12 divide 224390?
False
Is 482944 a multiple of 128?
True
Is 5 a factor of 32573?
False
Does 4 divide 172765?
False
Does 850 divide 8372645?
False
Is 10 a factor of 233878?
False
Does 460 divide 7161277?
False
Does 631 divide 17607878?
False
Is 65702 a multiple of 494?
True
Is 163102 a multiple of 25?
False
Is 2227695 a multiple of 9?
False
Does 141 divide 84882?
True
Is 264 a factor of 5947920?
True
Is 1277200 a multiple of 1030?
True
Is 6992557 a multiple of 143?
True
Is 1686060 a multiple of 323?
True
Is 548 a factor of 292084?
True
Does 28 divide 369684?
True
Is 145936 